{"id":14,"date":"2020-12-02T15:48:52","date_gmt":"2020-12-02T06:48:52","guid":{"rendered":"http:\/\/localhost\/works\/mia_network\/easyjapanese\/?page_id=14"},"modified":"2022-05-27T11:32:11","modified_gmt":"2022-05-27T02:32:11","slug":"sodancenter","status":"publish","type":"page","link":"https:\/\/mia-miyagi.jp\/vietnamese\/sodancenter.html","title":{"rendered":"\u307f\u3084\u304e\u5916\u56fd\u4eba\u76f8\u8ac7\u30bb\u30f3\u30bf\u30fc"},"content":{"rendered":"<div class=\"contentsHead\">\n<h1>Trung t\u00e2m t\u01b0 v\u1ea5n ng\u01b0\u1eddi ngo\u1ea1i qu\u1ed1c Miyagi <span>Miyagi Support Center for Foreign Nationals<\/span><\/h1>\n<div class=\"contentsHead__bg\"><img src=\"..\/wp-content\/themes\/mia-complete\/assets\/img\/multicultural\/header_bg.jpg\" alt=\"\" \/><\/div>\n<\/div>\n<article class=\"contents\">\n<p class=\"lead\">Trung t\u00e2m t\u01b0 v\u1ea5n ng\u01b0\u1eddi ngo\u1ea1i qu\u1ed1c\u00a0 Miyagi<\/p>\n<div class=\"supportcenter\">\n<div class=\"left\"><strong class=\"title\">Trung t\u00e2m t\u01b0 v\u1ea5n ng\u01b0\u1eddi ngo\u1ea1i qu\u1ed1c\u00a0 Miyagi,\u00a0<\/strong><strong class=\"title\"> <\/strong><span class=\"phonenumber\">\u0110i\u1ec7n tho\u1ea1i:<strong>022-275-9990<\/strong><\/span><\/div>\n<p><img src=\"..\/wp-content\/themes\/mia-complete\/assets\/img\/multicultural\/soudan.jpg\" alt=\"Miyagi Support Center for Foreign Nationals\" \/><\/p>\n<\/div>\n<p class=\"mt3rem\">C\u00e1c b\u1ea1n ng\u01b0\u1eddi ngo\u1ea1i qu\u1ed1c sinh s\u1ed1ng t\u1ea1i Miyagi, xin \u0111\u1eebng ng\u1ea1i tham v\u1ea5n v\u1edbi ch\u00fang t\u00f4i n\u1ebfu b\u1ea1n c\u00f3 nh\u1eefng kh\u00f3 kh\u0103n v\u01b0\u1edbng m\u1eafc trong cu\u1ed9c s\u1ed1ng h\u00e0ng ng\u00e0y.<\/p>\n<h2>Ng\u00f4n ng\u1eef s\u1eed d\u1ee5ng\u30fbTh\u1eddi gian t\u01b0 v\u1ea5n<\/h2>\n<div class=\"clearfix\">\n<div class=\"floatRight\"><img src=\"..\/wp-content\/themes\/mia-complete\/assets\/img\/sodancenter\/illust_e.gif\" \/><\/div>\n<div>\n<p><span>Ti<\/span>\u1ebfng Trung, ti\u1ebfng H\u00e0n, ti\u1ebfng Anh, ti\u1ebfng Tagalog, ti\u1ebfng Vi\u1ec7t, ti\u1ebfng N\u00ea-pan, ti\u1ebfng In-\u0111\u00f4-n\u00ea-si-a, ti\u1ebfng B\u1ed3 \u0110\u00e0o Nha, ti\u1ebfng Th\u00e1i, ti\u1ebfng Hindi, ti\u1ebfng T\u00e2y Ban Nha, ti\u1ebfng Nga, ti\u1ebfng Nh\u1eadt v.v\u2026<\/p>\n<p>\u203bC\u00f3 tr\u01b0\u1eddng h\u1ee3p nh\u00e2n vi\u00ean b\u00ean ngo\u00e0i s\u1ebd d\u00f9ng \u0111i\u1ec7n tho\u1ea1i th\u00f4ng tho\u1ea1i 3 chi\u1ec1u \u0111\u1ec3 ti\u1ebfp nh\u1eadn t\u01b0 v\u1ea5n. C\u0169ng c\u00f3 th\u1ec3 d\u00f9ng \u0111i\u1ec7n tho\u1ea1i th\u00f4ng tho\u1ea1i 3 chi\u1ec1u k\u1ebft n\u1ed1i c\u00e1c b\u1ea1n v\u1edbi nh\u1eefng c\u1ed5ng t\u01b0 v\u1ea5n chuy\u00ean m\u00f4n kh\u00e1c.<br \/>\n\u203b\u0110i\u1ec7n tho\u1ea1i th\u00f4ng tho\u1ea1i 3 chi\u1ec1u: c\u00f9ng m\u1ed9t l\u00fac 3 b\u00ean c\u00f3 th\u1ec3 n\u00f3i chuy\u1ec7n \u0111\u01b0\u1ee3c.<\/p>\n<p>Th\u1eddi gian t\u01b0 v\u1ea5n: th\u1ee9 Hai\uff5eth\u1ee9 S\u00e1u (9 gi\u1edd s\u00e1ng \u2013 5 gi\u1edd chi\u1ec1u )<br \/>\n\u203bTr\u1eeb nh\u1eefng ng\u00e0y l\u1ec5 t\u1ebft v\u00e0 nh\u1eefng ng\u00e0y cu\u1ed1i n\u0103m c\u0169 \u0111\u1ea7u n\u0103m m\u1edbi.<\/p>\n<p><a class=\"link_button\" href=\"https:\/\/mia-miyagi.jp\/dc\/soudancenter_chirashi.pdf\" target=\"_blank\" rel=\"noopener\">T\u1edd r\u01a1i (PDF)<\/a><\/p>\n<\/div>\n<\/div>\n<\/article>\n","protected":false},"excerpt":{"rendered":"<p>Trung t\u00e2m t\u01b0 v\u1ea5n ng\u01b0\u1eddi ngo\u1ea1i qu\u1ed1c Miyagi Miyagi Support Center for Foreign Nationals Trung t\u00e2m t\u01b0 v\u1ea5n ng\u01b0\u1eddi ng [&hellip;]<\/p>\n","protected":false},"author":1,"featured_media":0,"parent":0,"menu_order":4,"comment_status":"closed","ping_status":"closed","template":"","meta":[],"_links":{"self":[{"href":"https:\/\/mia-miyagi.jp\/vietnamese\/wp-json\/wp\/v2\/pages\/14"}],"collection":[{"href":"https:\/\/mia-miyagi.jp\/vietnamese\/wp-json\/wp\/v2\/pages"}],"about":[{"href":"https:\/\/mia-miyagi.jp\/vietnamese\/wp-json\/wp\/v2\/types\/page"}],"author":[{"embeddable":true,"href":"https:\/\/mia-miyagi.jp\/vietnamese\/wp-json\/wp\/v2\/users\/1"}],"replies":[{"embeddable":true,"href":"https:\/\/mia-miyagi.jp\/vietnamese\/wp-json\/wp\/v2\/comments?post=14"}],"version-history":[{"count":8,"href":"https:\/\/mia-miyagi.jp\/vietnamese\/wp-json\/wp\/v2\/pages\/14\/revisions"}],"predecessor-version":[{"id":257,"href":"https:\/\/mia-miyagi.jp\/vietnamese\/wp-json\/wp\/v2\/pages\/14\/revisions\/257"}],"wp:attachment":[{"href":"https:\/\/mia-miyagi.jp\/vietnamese\/wp-json\/wp\/v2\/media?parent=14"}],"curies":[{"name":"wp","href":"https:\/\/api.w.org\/{rel}","templated":true}]}}